38.
19
Calculate the greatest common factor of 18967 and 13.
13
What is the greatest common factor of 396435 and 247?
247
Calculate the greatest common divisor of 25986 and 78.
6
Calculate the greatest common factor of 8512068 and 724.
724
What is the greatest common factor of 68710 and 30?
10
What is the highest common divisor of 5730 and 8977?
191
Calculate the highest common divisor of 901 and 3387760.
901
What is the greatest common divisor of 331352 and 1342?
122
What is the greatest common divisor of 24676 and 248?
124
Calculate the highest common divisor of 221674 and 1909.
23
What is the highest common factor of 8711 and 9424?
31
What is the highest common divisor of 335740 and 100?
20
Calculate the highest common factor of 22 and 829774.
22
Calculate the greatest common divisor of 8304 and 636.
12
Calculate the highest common divisor of 5632 and 2728.
88
What is the greatest common factor of 27 and 416853?
27
Calculate the greatest common factor of 5122 and 68162.
394
Calculate the greatest common factor of 15189 and 4233.
249
What is the highest common factor of 192 and 226752?
192
Calculate the greatest common divisor of 96 and 6792.
24
Calculate the greatest common divisor of 1133 and 11124.
103
Calculate the highest common factor of 32684 and 52.
4
What is the highest common divisor of 91223 and 11?
11
What is the highest common divisor of 219568 and 128?
16
What is the greatest common factor of 11008 and 5762?
86
What is the highest common factor of 126 and 1251264?
42
What is the greatest common factor of 252 and 2124?
36
What is the highest common factor of 8642 and 1856?
58
Calculate the greatest common divisor of 12411 and 14490.
63
Calculate the highest common divisor of 3658 and 1364.
62
Calculate the highest common factor of 66 and 817080.
66
What is the greatest common factor of 876 and 1301298?
438
What is the greatest common divisor of 1039348 and 16?
4
Calculate the greatest common divisor of 557964 and 1584.
396
Calculate the greatest common divisor of 1724 and 3.
1
Calculate the greatest common divisor of 9840 and 1488.
48
What is the highest common divisor of 108 and 110844?
36
Calculate the greatest common factor of 111438 and 52398.
738
Calculate the highest common divisor of 1533 and 307914.
219
Calculate the greatest common divisor of 27 and 83754.
27
Calculate the highest common factor of 38195 and 5.
5
Calculate the highest common divisor of 49492 and 8.
4
Calculate the highest common factor of 985 and 95742.
197
What is the greatest common factor of 44928 and 2576?
16
What is the highest common factor of 738 and 2206251?
369
Calculate the greatest common factor of 23503 and 95.
19
Calculate the greatest common divisor of 28120 and 19.
19
Calculate the highest common divisor of 60 and 606.
6
Calculate the greatest common factor of 360 and 326736.
72
What is the greatest common divisor of 57 and 103398?
57
Calculate the highest common divisor of 45999 and 114.
57
Calculate the highest common factor of 547857 and 18.
9
Calculate the greatest common factor of 209517 and 1386.
231
Calculate the highest common divisor of 17 and 392071.
17
Calculate the greatest common divisor of 74 and 1148443.
37
What is the highest common divisor of 145803 and 2862?
159
What is the highest common divisor of 249 and 45?
3
What is the greatest common factor of 1188450 and 1368?
342
Calculate the greatest common factor of 96 and 22452.
12
What is the highest common factor of 280 and 358078?
14
Calculate the greatest common factor of 50075 and 275.
25
Calculate the greatest common factor of 95918 and 24341.
241
What is the highest common factor of 7950 and 32860?
530
What is the greatest common factor of 7897 and 25628?
149
What is the highest common divisor of 511 and 110230?
73
Calculate the highest common factor of 4343 and 1212.
101
Calculate the highest common divisor of 1456 and 66768.
208
What is the highest common divisor of 76 and 101?
1
Calculate the highest common divisor of 536 and 4583336.
536
What is the highest common divisor of 185645 and 58315?
535
What is the highest common factor of 130 and 284102?
26
Calculate the greatest common divisor of 2104 and 208822.
526
What is the highest common factor of 146 and 32?
2
What is the greatest common factor of 428 and 88061?
107
What is the highest common divisor of 1449873 and 54?
27
Calculate the highest common divisor of 14888 and 1271063.
1861
What is the greatest common factor of 2898 and 2514498?
966
Calculate the greatest common factor of 127112 and 8.
8
Calculate the greatest common divisor of 8096 and 372768.
352
What is the greatest common divisor of 48762 and 65394?
378
Calculate the highest common factor of 122994 and 54.
18
What is the greatest common divisor of 287847 and 189?
189
What is the greatest common divisor of 120 and 64770?
30
What is the highest common divisor of 14416 and 153?
17
Calculate the greatest common factor of 1976 and 12464.
152
What is the highest common divisor of 4482 and 5238?
54
What is the greatest common factor of 59930 and 65?
65
Calculate the greatest common factor of 26 and 102947.
13
Calculate the highest common divisor of 2170416 and 32.
16
What is the greatest common divisor of 39 and 111059?
13
Calculate the greatest common factor of 1349 and 893.
19
Calculate the highest common factor of 517 and 207658.
11
Calculate the greatest common divisor of 180224 and 176.
176
What is the highest common factor of 1852270 and 94?
94
What is the highest common divisor of 2222 and 110?
22
What is the highest common divisor of 279 and 2342019?
93
What is the highest common factor of 333 and 111444?
111
What is the greatest common divisor of 442 and 1664?
26
Calculate the highest common divisor of 376 and 526.
2
What is the greatest common divisor of 475 and 221825?
475
Calculate the greatest common divisor of 91 and 1324141.
91
What is the greatest common factor of 16 and 2638?
2
What is the highest common factor of 76848 and 384?
48
Calculate the greatest common divisor of 4806 and 4104.
54
What is the highest common factor of 16 and 136190?
2
Calculate the greatest common divisor of 550416 and 96.
48
Calculate the greatest common factor of 83293 and 14.
7
What is the highest common factor of 25482 and 744?
186
What is the greatest common factor of 334 and 749162?
334
Calculate the greatest common factor of 1590670 and 730.
730
Calculate the highest common factor of 304 and 781736.
152
Calculate the greatest common factor of 309 and 295301.
103
What is the greatest common divisor of 6384 and 36204?
84
What is the greatest common factor of 577185 and 8604?
717
Calculate the greatest common factor of 104 and 232.
8
What is the highest common factor of 10361 and 390?
13
What is the highest common divisor of 73 and 3431?
73
What is the greatest common divisor of 147939 and 165?
33
What is the greatest common divisor of 36 and 12996?
36
Calculate the highest common factor of 22528 and 44.
44
What is the greatest common divisor of 95 and 61940?
95
What is the highest common factor of 246678 and 6?
6
What is the greatest common divisor of 100 and 81940?
20
What is the highest common factor of 97937 and 952?
119
Calculate the highest common divisor of 6130 and 10.
10
Calculate the highest common divisor of 346673 and 93.
31
What is the greatest common factor of 25671 and 1419?
129
Calculate the highest common divisor of 3529 and 19.
1
What is the greatest common factor of 1770 and 355?
5
Calculate the greatest common factor of 1362513 and 237.
237
What is the highest common factor of 15789 and 1311?
57
Calculate the greatest common divisor of 5243 and 536284.
749
Calculate the greatest common factor of 49 and 5273527.
49
Calculate the greatest common divisor of 12036 and 1734.
102
Calculate the greatest common divisor of 1214288 and 29.
29
Calculate the greatest common divisor of 1156 and 427142.
578
Calculate the greatest common factor of 215406 and 513.
27
Calculate the highest common factor of 3003 and 3157.
77
What is the greatest common divisor of 6156 and 45684?
324
Calculate the greatest common factor of 159873 and 3381.
483
What is the greatest common factor of 704 and 24064?
64
What is the highest common divisor of 538 and 14257?
269